5 and g.
5
Suppose 44*f = 10*f + 4930. What is the highest common divisor of 45 and f?
5
Suppose 5*c - 10 = 0, 13 = 3*z + 5*c - 9. Let x = 317 + 23. Suppose 56 = 11*v - x. Calculate the highest common divisor of v and z.
4
Let y(m) = m**2 - 44*m + 279. Let o be y(7). What is the greatest common factor of 188 and o?
4
Let n be (1402/(-6) + 1)/((-6)/18). Suppose 15*b - n = -83. Calculate the greatest common divisor of 328 and b.
41
Let q be (-3)/21*-42 + 1414 + -1. Calculate the highest common factor of 516 and q.
129
Suppose -3*z - 134 + 791 = 0. Let u = -49 - -122. Calculate the highest common divisor of u and z.
73
Let p = -12665 + 12715. Suppose 3*j = 0, -3*t + 15 = -0*j + j. Calculate the highest common divisor of p and t.
5
Suppose -5*p = -4*u - 20550, 5658 = 2*p - u - 2565. Calculate the highest common factor of p and 44.
22
Let v = 62 - 60. Suppose 0 = 13*m + v*m - 360. Let f = 81 + -9. Calculate the greatest common divisor of f and m.
24
Let j be 42*((-156)/(-18) + -4). Let b = j + 0. What is the greatest common divisor of b and 56?
28
Let x = -54 - -85. Suppose -x*h + 35*h - 1280 = 0. What is the highest common factor of h and 20?
20
Let c(w) = 15*w**2 + 4*w + 2. Let v be c(-2). Let o(q) = -911*q + 14606. Let h be o(16). Calculate the greatest common divisor of v and h.
6
Let z(y) = -y**3 - 3*y**2 - 76*y - 57. Let g be z(-6). Calculate the highest common divisor of 27 and g.
3
Suppose -11*l - 349*l = -2725560. Calculate the greatest common divisor of l and 113.
113
Let g(z) = z**2 + 16*z - 194. Suppose 3*j - 3 = 0, 69*o = 74*o + 2*j + 123. Let q be g(o). What is the greatest common factor of q and 775?
31
Let a(h) = -11*h + 19. Let p be a(-15). Let s = -307 - -450. Let n = -97 + s. What is the highest common divisor of p and n?
46
Let c = -799 - -837. What is the greatest common divisor of c and 4598?
38
Let v be 14*(2960/112 - 13). Calculate the greatest common factor of 8883 and v.
47
Let c = 3974 + -3236. Calculate the highest common factor of c and 90.
18
Let t = 12222 + -10878. What is the greatest common divisor of t and 232?
8
Suppose 0 = -3*z + 34*z + 8*z - 23010. Calculate the greatest common factor of z and 10.
10
Let o be -2 + -9 - (-4710)/15. Calculate the greatest common divisor of 505 and o.
101
Suppose 56 = -11*o + 4*o. Let a be 6*(-2 + (-44)/o). Calculate the greatest common divisor of 14 and a.
7
Let l be 4/22 + 466/(-22). Let z(h) = 9*h + 2*h - 7 - 12*h + 6 - 14. Let u be z(l). Calculate the greatest common factor of 15 and u.
3
Let c be 2123200/48 - ((-22)/(-3) - 7). What is the greatest common divisor of c and 71?
71
Let n(b) = 5*b + 48. Let a be n(-9). Suppose a*k - 32 = d, -k + 0*d + 3*d = 0. Suppose -11*z = -k*z + 3. Calculate the greatest common divisor of z and 24.
3
Suppose 7*r + 5 = 8*r. Suppose 0 = r*m - 0*m + 15, 5*n - m + 42 = 0. Let s be (-61)/n - -2*(-1)/(-9). Calculate the greatest common factor of 7 and s.
7
Let g be 21/12 + (-1)/(-4). Let h be ((-3)/(-2))/(g/8). Let c = 6161 - 6143. What is the greatest common divisor of c and h?
6
Suppose u + 4*x = 1919 + 304, 0 = u - 2*x - 2223. What is the highest common divisor of 18 and u?
9
Let v(n) = n**3 + 27*n**2 + 92*n + 64. Let x be v(-23). What is the highest common divisor of 2368 and x?
64
Let g(m) = 2*m**2 - 11*m - 13. Suppose 24 = -5*a + 39. Let y = a - 11. Let s be g(y). Calculate the greatest common divisor of s and 29.
29
Let o be (4/3)/(9/324) + 4. Let c = 8 - 14. Let f be (c/(-18))/((-1)/(-39)). Calculate the greatest common factor of o and f.
13
Suppose -42 = -4*g + 3*g. Let k = 564 + -522. What is the highest common divisor of k and g?
42
Let p be (-1)/((-6)/26) - 746/(-1119). Suppose -2*f = f - 165. Calculate the highest common divisor of f and p.
5
Let a(o) = -66*o + 41. Let n(c) = -8*c + 5. Let t(p) = -6*a(p) + 51*n(p). Let d be t(-6). Calculate the greatest common factor of 108 and d.
27
Let b(v) = -113*v + 177. Let i be b(-23). What is the highest common factor of 8 and i?
8
Let w(p) = -4*p**2 - 74*p + 12. Let r be w(-18). Let g = -406 + 692. Let m be 16/r - g/(-6). Calculate the greatest common divisor of m and 72.
24
Let i(b) = b**3 - 32*b**2 - 36*b + 322. Let h be i(34). What is the greatest common divisor of h and 240?
30
Suppose -134 = 31*w - 59*w + 958. What is the highest common factor of w and 69?
3
Suppose -11*d - 6846 = 10*d. Let x = 338 + d. What is the highest common divisor of x and 108?
12
Let z = 88 - 44. Let h = z + -5. Suppose 3*m - 8*m = -325. Calculate the greatest common factor of m and h.
13
Let b be (-27 - (-2376)/110)*-5. Let l be (-10)/15 - (-2758)/6. What is the greatest common divisor of b and l?
27
Suppose -21*j = 16*j - 0*j - 53650. Calculate the greatest common factor of 550 and j.
50
Suppose -24*l + 117 - 21 = 0. What is the highest common divisor of l and 268?
4
Suppose 310*o + 3*k + 94 = 314*o, -2*o = 2*k - 40. Calculate the highest common factor of o and 517.
11
Let t(o) = o + 44. Let x be t(-13). Suppose -3*h + 2*p + 775 = 0, 2*h - 4*p + x = 561. Calculate the highest common factor of 15 and h.
15
Let o(x) = 3*x**2 - 14*x + 23. Let t be o(19). Suppose 175*h - 177*h + t = 0. What is the highest common divisor of h and 12?
12
Let j(x) = -476*x + 9076. Let b be j(19). What is the highest common factor of b and 32?
32
Let j(s) be the first derivative of -3*s**4/4 - 4*s**3 - 4*s - 41. Let l be j(-5). Let g = 146 - l. What is the greatest common factor of 15 and g?
15
Let b = 1821 + -1701. Suppose -5*d + 0*d = -900. What is the greatest common factor of d and b?
60
Let p be 19/1 + (-48)/16. Suppose 0 = -13*y + 9*y + 2*a + 190, 3*a = 3. What is the greatest common factor of y and p?
16
Let z = -23579 - -23829. Calculate the highest common divisor of 4850 and z.
50
Let s be ((-2 - 3)/(-15))/((-2)/(-1524)). Let f = -205 + s. Calculate the highest common divisor of 49 and f.
49
Let l(s) = 22*s - 15. Let n be l(3). Let f = 50 - n. Let v be (8/(-10))/((3/15)/f). What is the highest common divisor of v and 20?
4
Let a be (5/3)/(15/4*2/927). What is the greatest common factor of a and 13802?
206
Let v(p) = 91*p - 194. Let k be v(18). Suppose 2*g - k = 332. What is the highest common factor of 12 and g?
12
Suppose 0*l + j - 223 = -2*l, 4*l - 452 = 4*j. Let v be (14/3*-3)/(-2). Calculate the greatest common factor of l and v.
7
Let c = -24000 + 36070. Calculate the highest common factor of c and 284.
142
Suppose -418*x + 2983 = -400*x - 3659. What is the greatest common divisor of 41 and x?
41
Suppose 3*n = d - 6*d + 2116, -12 = 4*n. Suppose -164*q + 163*q - 2*r = -35, -5*q + 2*r = -115. What is the highest common divisor of q and d?
25
Let o be (140/(-21) + 1)/((-9)/1377). What is the greatest common divisor of o and 17?
17
Let t(j) = j**2 - 4*j - 23. Let p be t(9). Suppose 0 = 3*h - 901 + 241. Calculate the greatest common divisor of p and h.
22
Let v be (2 + 69/(12/(-4)))*-1. Let y(f) = -f + 3*f + 70*f**2 + 14*f**2 + 2. Let w be y(-1). What is the greatest common divisor of w and v?
21
Suppose 0 = 215*m - 346*m + 1834. What is the greatest common factor of 3682 and m?
14
Let n be 1/2 + 40275/50. Let m = 1281 - n. Calculate the highest common factor of 380 and m.
95
Let g = 892 + -638. Suppose -34*d + 2600 = g. What is the greatest common factor of 23 and d?
23
Let x = 6340 - 2516. Calculate the greatest common factor of x and 128.
16
Suppose -106 = -238*b - 145*b + 277. What is the highest common divisor of b and 4129?
1
Let r be (-11)/(-4) - (-10)/40. Suppose -f = r*h - 1, -8*h + 3*h = 4*f - 18. What is the highest common factor of 1 and f?
1
Let b(p) = -5*p - 57. Let r be b(-17). Suppose -5*a - 192 = r. Let g = -37 - a. What is the highest common divisor of g and 21?
7
Suppose -g + 14*v + 10374 = 19*v, 0 = 5*g + 2*v - 51870. Calculate the highest common factor of g and 234.
78
Suppose 0 = -3*f - 2*f + 10. Let l be (f/(-6) + 0)/(19/(-171)). Suppose 0 = s + d - 65 + 11, -l*d + 108 = 2*s. What is the highest common divisor of s and 6?
6
Let i be 954 - 18*(8 - (-46)/(-6)). What is the highest common divisor of 1106 and i?
158
Let q = 4181 + -3881. Calculate the greatest common divisor of q and 252.
12
Suppose -6*b + 14 = -4*b. Let h = 7 + -3. Let p be ((-56)/(-12))/(h/12). What is the highest common factor of b and p